y 53?
8
What is the remainder when 28 is divided by 5?
3
What is the remainder when 4896 is divided by 140?
136
What is the remainder when 54 is divided by 35?
19
Calculate the remainder when 380 is divided by 97.
89
Calculate the remainder when 49 is divided by 19.
11
Calculate the remainder when 450 is divided by 17.
8
Calculate the remainder when 3605 is divided by 1798.
9
Calculate the remainder when 319 is divided by 32.
31
What is the remainder when 5899 is divided by 26?
23
What is the remainder when 929 is divided by 188?
177
What is the remainder when 140 is divided by 47?
46
What is the remainder when 201 is divided by 44?
25
What is the remainder when 535 is divided by 38?
3
What is the remainder when 483 is divided by 150?
33
Calculate the remainder when 658 is divided by 304.
50
What is the remainder when 84 is divided by 29?
26
Calculate the remainder when 10 is divided by 1.
0
Calculate the remainder when 8050 is divided by 44.
42
Calculate the remainder when 11427 is divided by 18.
15
What is the remainder when 1543 is divided by 504?
31
Calculate the remainder when 799 is divided by 279.
241
Calculate the remainder when 75 is divided by 44.
31
What is the remainder when 740 is divided by 60?
20
Calculate the remainder when 654 is divided by 38.
8
What is the remainder when 1108 is divided by 101?
98
What is the remainder when 519 is divided by 76?
63
What is the remainder when 300 is divided by 101?
98
What is the remainder when 14 is divided by 11?
3
What is the remainder when 223 is divided by 40?
23
Calculate the remainder when 165 is divided by 5.
0
What is the remainder when 50691 is divided by 23?
22
Calculate the remainder when 361 is divided by 63.
46
Calculate the remainder when 174 is divided by 33.
9
Calculate the remainder when 326 is divided by 37.
30
What is the remainder when 209 is divided by 27?
20
Calculate the remainder when 78 is divided by 64.
14
What is the remainder when 2923 is divided by 183?
178
Calculate the remainder when 170 is divided by 36.
26
What is the remainder when 800 is divided by 34?
18
What is the remainder when 166 is divided by 12?
10
What is the remainder when 75 is divided by 67?
8
What is the remainder when 2716 is divided by 80?
76
What is the remainder when 695 is divided by 164?
39
What is the remainder when 642 is divided by 55?
37
What is the remainder when 130 is divided by 25?
5
Calculate the remainder when 6835 is divided by 36.
31
Calculate the remainder when 317 is divided by 36.
29
What is the remainder when 2249 is divided by 372?
17
Calculate the remainder when 1929 is divided by 1868.
61
What is the remainder when 251 is divided by 84?
83
Calculate the remainder when 289 is divided by 78.
55
What is the remainder when 52839 is divided by 10?
9
Calculate the remainder when 981 is divided by 41.
38
Calculate the remainder when 4 is divided by 3.
1
What is the remainder when 4953 is divided by 249?
222
What is the remainder when 2505 is divided by 44?
41
What is the remainder when 842 is divided by 141?
137
Calculate the remainder when 367 is divided by 113.
28
Calculate the remainder when 104 is divided by 3.
2
Calculate the remainder when 231 is divided by 40.
31
Calculate the remainder when 599 is divided by 88.
71
Calculate the remainder when 35 is divided by 23.
12
Calculate the remainder when 984 is divided by 58.
56
What is the remainder when 392 is divided by 75?
17
Calculate the remainder when 2367 is divided by 74.
73
Calculate the remainder when 1387 is divided by 291.
223
What is the remainder when 205 is divided by 93?
19
What is the remainder when 1123 is divided by 280?
3
What is the remainder when 1324 is divided by 79?
60
What is the remainder when 129 is divided by 80?
49
What is the remainder when 214 is divided by 15?
4
What is the remainder when 101 is divided by 31?
8
What is the remainder when 250 is divided by 67?
49
Calculate the remainder when 216 is divided by 25.
16
Calculate the remainder when 1013 is divided by 65.
38
What is the remainder when 20616 is divided by 20?
16
Calculate the remainder when 478 is divided by 60.
58
Calculate the remainder when 18 is divided by 3.
0
What is the remainder when 917 is divided by 20?
17
What is the remainder when 108 is divided by 29?
21
Calculate the remainder when 303 is divided by 219.
84
Calculate the remainder when 1155 is divided by 561.
33
What is the remainder when 244 is divided by 19?
16
What is the remainder when 145 is divided by 80?
65
What is the remainder when 730 is divided by 7?
2
Calculate the remainder when 2475 is divided by 14.
11
What is the remainder when 191 is divided by 39?
35
What is the remainder when 528 is divided by 18?
6
What is the remainder when 236 is divided by 8?
4
Calculate the remainder when 345 is divided by 16.
9
What is the remainder when 1247 is divided by 127?
104
What is the remainder when 120 is divided by 9?
3
What is the remainder when 2353 is divided by 338?
325
Calculate the remainder when 116 is divided by 61.
55
Calculate the remainder when 279 is divided by 98.
83
Calculate the remainder when 4032 is divided by 1335.
27
Calculate the remainder when 3482 is divided by 52.
50
Calculate the remainder when 107 is divided by 12.
11
Calculate the remainder when 303 is divided by 144.
15
What is the remainder when 1064 is divided by 26?
24
What is the remainder when 430 is divided by 244?
186
What is the remainder when 1013 is divided by 427?
159
Calculate the remainder when 21897 is divided by 73.
70
What is the remainder when 287 is divided by 2?
1
Calculate the remainder when 243 is divided by 6.
3
Calculate the remainder when 304 is divided by 64.
48
Calculate the remainder when 1073 is divided by 34.
19
Calculate the remainder when 421 is divided by 9.
7
Calculate the remainder when 51 is divided by 11.
7
What is the remainder when 1182 is divided by 284?
46
What is the remainder when 1789 is divided by 112?
109
Calculate the remainder when 1011 is divided by 10.
1
Calculate the remainder when 441 is divided by 74.
71
What is the remainder when 6009 is divided by 9?
6
Calculate the remainder when 216 is divided by 158.
58
What is the remainder when 107507 is divided by 93?
92
What is the remainder when 314 is divided by 46?
38
What is the remainder when 6567 is divided by 244?
223
Calculate the remainder when 1724 is divided by 27.
23
Calculate the remainder when 190 is divided by 5.
0
What is the remainder when 199 is divided by 56?
31
Calculate the remainder when 332 is divided by 327.
5
What is the remainder when 1467 is divided by 42?
39
Calculate the remainder when 259 is divided by 98.
63
Calculate the remainder when 6398 is divided by 25.
23
Calculate the remainder when 400 is divided by 137.
126
Calculate the remainder when 743 is divided by 12.
11
Calculate the remainder when 358 is divided by 68.
18
What is the remainder when 122 is divided by 65?
57
What is the remainder when 3197 is divided by 82?
81
Calculate the remainder when 1088 is divided by 156.
152
What is the remainder when 1145 is divided by 192?
185
What is the remainder when 1118 is divided by 28?
26
What is the remainder when 54 is divided by 53?
1
Calculate the remainder when 78 is divided by 8.
6
What is the remainder when 132 is divided by 91?
41
Calculate the remainder when 182 is divided by 35.
7
Calculate the remainder when 121 is divided by 20.
1
What is the remainder when 100 is divided by 14?
2
What is the remainder when 359 is divided by 81?
35
What is the remainder when 52 is divided by 6?
4
What is the remainder when 60 is divided by 29?
2
What is the remainder when 48 is divided by 9?
3
Calculate the remainder when 9621 is divided by 8.
5
Calculate the remainder when 2331 is divided by 78.
69
What is the remainder when 91 is divided by 31?
29
What is the remainder when 7316 is divided by 61?
57
Calculate the remainder when 37 is divided by 21.
16
What is the remainder when 765 is divided by 371?
23
Calculate the remainder when 880 is divided by 7.
5
Calculate the remainder when 1737 is divided by 145.
142
Calculate the remainder when 137 is divided by 33.
5
Calculate the remainder when 14380 is divided by 17.
15
Calculate the remainder when 571 is divided by 57.